of 32785 and 996?
83
What is the highest common divisor of 9 and 32976?
9
What is the greatest common factor of 10636941 and 159?
159
What is the greatest common divisor of 18760 and 200?
40
Calculate the greatest common factor of 1488 and 36208.
496
What is the highest common factor of 3840 and 2848?
32
What is the highest common divisor of 2175 and 32700?
75
What is the greatest common divisor of 375 and 8502875?
125
Calculate the highest common factor of 584 and 7811.
73
Calculate the highest common divisor of 26859 and 21.
21
What is the greatest common factor of 40 and 12940?
20
Calculate the highest common factor of 3392 and 27968.
64
What is the highest common factor of 896 and 28?
28
Calculate the greatest common factor of 60 and 1739544.
12
What is the greatest common factor of 39 and 21671?
13
Calculate the greatest common divisor of 184316 and 53218.
1298
What is the highest common factor of 432071 and 203?
29
What is the greatest common factor of 144 and 972?
36
What is the greatest common factor of 15300 and 6450?
150
Calculate the highest common divisor of 3999 and 23091.
129
Calculate the highest common divisor of 25091 and 660.
11
What is the greatest common factor of 1870 and 39930?
110
Calculate the highest common factor of 9025 and 16075.
25
What is the greatest common factor of 124845 and 870?
435
What is the greatest common factor of 1 and 137803?
1
Calculate the greatest common divisor of 9 and 258351.
3
What is the highest common divisor of 861015 and 915?
915
What is the highest common divisor of 3938 and 517?
11
What is the highest common divisor of 1983236 and 1212?
404
Calculate the highest common factor of 1751037 and 303.
303
What is the highest common divisor of 83441 and 181?
181
Calculate the greatest common factor of 686 and 8121554.
686
What is the highest common divisor of 1540 and 3325?
35
What is the highest common divisor of 528 and 258?
6
What is the highest common factor of 504 and 3012?
12
What is the highest common divisor of 2456 and 648691?
307
Calculate the greatest common factor of 70391 and 86.
43
What is the greatest common factor of 18216 and 35673?
759
What is the greatest common factor of 575 and 31004?
23
Calculate the greatest common factor of 3250195 and 465.
155
What is the greatest common factor of 104487 and 174?
87
What is the greatest common divisor of 11 and 14992153?
11
What is the greatest common divisor of 63 and 8232?
21
What is the greatest common divisor of 20556 and 72?
36
Calculate the highest common divisor of 99 and 306.
9
Calculate the greatest common factor of 131 and 223879.
131
Calculate the greatest common divisor of 552 and 5313.
69
What is the highest common divisor of 698 and 97371?
349
What is the greatest common divisor of 1744 and 424?
8
Calculate the greatest common divisor of 782 and 245962.
46
What is the greatest common divisor of 48340 and 260?
20
Calculate the greatest common factor of 1310 and 4870.
10
Calculate the greatest common divisor of 4575018 and 84.
42
What is the highest common divisor of 8 and 81416?
8
What is the highest common divisor of 9717 and 2952?
123
What is the greatest common factor of 132714 and 2190?
438
What is the greatest common divisor of 2000 and 10592?
16
What is the highest common factor of 55 and 367015?
55
What is the greatest common factor of 976 and 4148?
244
Calculate the greatest common factor of 242 and 3014.
22
Calculate the highest common factor of 306 and 2547.
9
What is the greatest common divisor of 271845 and 30?
15
Calculate the greatest common factor of 884 and 12113452.
884
Calculate the highest common divisor of 96 and 8958.
6
Calculate the greatest common divisor of 112 and 12200.
8
What is the greatest common factor of 5054 and 24906?
14
What is the highest common factor of 1026 and 5567?
19
What is the highest common divisor of 112 and 749686?
14
What is the highest common divisor of 9452 and 96?
4
Calculate the highest common divisor of 193885 and 85.
85
Calculate the highest common factor of 48062 and 21.
7
Calculate the highest common factor of 924 and 2534.
14
Calculate the highest common factor of 252952 and 392.
56
What is the greatest common divisor of 344 and 5203?
43
Calculate the highest common factor of 4488 and 18768.
408
What is the highest common divisor of 495 and 53790?
165
Calculate the greatest common divisor of 300 and 656025.
75
What is the highest common factor of 33768 and 112?
56
What is the greatest common divisor of 5612 and 851?
23
What is the highest common divisor of 1672520 and 240?
40
What is the greatest common divisor of 114784 and 28274?
422
What is the highest common divisor of 53 and 82097?
53
Calculate the highest common factor of 2009 and 1472597.
2009
What is the highest common divisor of 70 and 421435?
35
Calculate the highest common factor of 101 and 68680.
101
What is the greatest common divisor of 3224 and 266383?
403
Calculate the greatest common divisor of 97699 and 34.
17
What is the highest common factor of 847772 and 12?
4
What is the greatest common factor of 825 and 805?
5
Calculate the greatest common divisor of 396 and 46548.
36
What is the highest common divisor of 440 and 290?
10
Calculate the greatest common divisor of 2190704 and 46.
46
Calculate the greatest common factor of 385535 and 83.
83
What is the highest common factor of 153 and 10353?
51
Calculate the greatest common divisor of 339100 and 200.
100
What is the highest common factor of 1422 and 733041?
711
Calculate the highest common divisor of 1 and 2167.
1
Calculate the highest common divisor of 462 and 14421.
33
What is the greatest common factor of 101702 and 3376?
422
Calculate the highest common divisor of 107969 and 808.
101
Calculate the greatest common factor of 504 and 337148.
28
What is the highest common divisor of 1600 and 39950?
50
What is the greatest common divisor of 26 and 47307?
13
Calculate the greatest common factor of 23826 and 40524.
66
What is the highest common factor of 3530516 and 88?
44
Calculate the greatest common divisor of 136 and 4468.
4
Calculate the highest common divisor of 90 and 231090.
30
Calculate the greatest common factor of 125060 and 31080.
740
What is the highest common factor of 122 and 180316?
122
What is the highest common factor of 10731 and 26656?
49
What is the highest common divisor of 34914 and 258?
6
What is the highest common factor of 3948 and 1148?
28
Calculate the greatest common divisor of 14848 and 20648.
232
Calculate the greatest common divisor of 2127618 and 51.
51
What is the greatest common factor of 63 and 11589?
3
What is the greatest common factor of 3435 and 235?
5
Calculate the greatest common factor of 999 and 4725.
27
What is the highest common divisor of 597800 and 525?
175
Calculate the highest common divisor of 7600 and 65740.
380
What is the greatest common divisor of 274370 and 5?
5
Calculate the greatest common factor of 7716 and 396.
12
Calculate the greatest common divisor of 102421 and 11.
11
What is the highest common factor of 2375 and 16000?
125
Calculate the highest common divisor of 380 and 10887.
19
What is the greatest common divisor of 46 and 61249?
23
What is the highest common divisor of 3665 and 705879?
733
What is the greatest common factor of 262696 and 154?
14
What is the greatest common factor of 100 and 116525?
25
Calculate the highest common factor of 562 and 352655.
281
What is the highest common factor of 325143 and 728?
91
What is the greatest common factor of 63 and 84294?
63
What is the greatest common factor of 4634 and 1330?
14
What is the greatest common divisor of 140 and 712180?
140
What is the highest common divisor of 180 and 1020660?
60
Calculate the highest common factor of 354 and 30621.
177
What is the greatest common factor of 9 and 301581?
9
What is the highest common divisor of 7980 and 2527?
133
What is the greatest common divisor of 42 and 35392?
14
Calculate the highest common divisor of 12 and 15004.
4
What is the highest common divisor of 319 and 7714?
29
Calculate the highest common divisor of 760 and 1050035.
95
What is the highest common factor of 8 and 193003?
1
What is the greatest common divisor of 965 and 1160123?
193
Calculate the greatest common factor of 4169 a